se 12, what is -a5 + -202a3?
-20388
In base 11, what is -14a60164 - -2?
-14a60162
In base 10, what is 5846 - -4453?
10299
In base 3, what is 21 + 10012210011202?
10012210012000
In base 12, what is -507997 + -126?
-507b01
In base 12, what is 1517 + -2511b?
-23804
In base 11, what is -11 - 2154a69?
-2154a7a
In base 13, what is 671a - b6?
6634
In base 3, what is -2 - -111201011112?
111201011110
In base 9, what is -171 - 1518628?
-1518810
In base 5, what is -10 + 1302122334?
1302122324
In base 7, what is 54414612551 + 5?
54414612556
In base 11, what is 428954 - -44?
428998
In base 2, what is -1011010101100010011000 - -11011101?
-1011010101011110111011
In base 4, what is -3323202 - 13122?
-10002330
In base 8, what is 313547 - 3176?
310351
In base 12, what is -2514568 + 1?
-2514567
In base 13, what is -26c701 - 3?
-26c704
In base 16, what is -c0c088 + 7?
-c0c081
In base 11, what is 1120005 - -88?
1120092
In base 13, what is 3ca1 + 40a9?
807a
In base 8, what is 35 - -14144?
14201
In base 10, what is -4 + 44342324?
44342320
In base 2, what is 110001011010111100110 - -110?
110001011010111101100
In base 3, what is -20220001221112 - 201?
-20220001222020
In base 12, what is 20 + -2493398?
-2493378
In base 5, what is 11332200 - -1040?
11333240
In base 2, what is -1111001001100100011110110 + -100?
-1111001001100100011111010
In base 6, what is -5 - 21335051541?
-21335051550
In base 16, what is -2588 + -10?
-2598
In base 8, what is 5 + 1760074?
1760101
In base 5, what is -441344 + 112003?
-324341
In base 7, what is 2450113 - 142?
2446641
In base 15, what is -aa8 + -24723?
-252cb
In base 8, what is -110155 - -61?
-110074
In base 3, what is 122120002 - -1122102?
201012111
In base 16, what is -1 - 7fefd?
-7fefe
In base 4, what is 110332103222333 + 11?
110332103223010
In base 10, what is 2 + 600328?
600330
In base 6, what is -13202 + 20022?
2420
In base 3, what is -10001 - -12122221022202?
12122221012201
In base 9, what is -120860815 - -3?
-120860812
In base 11, what is -14543 - 10?
-14553
In base 12, what is -2 - -153b96a?
153b968
In base 12, what is -3373 + 140?
-3233
In base 14, what is 1c67dd9 - -6?
1c68001
In base 5, what is 30 + 2220304021?
2220304101
In base 4, what is 31 - -1310331312?
1310332003
In base 16, what is -667 - c059?
-c6c0
In base 13, what is -48720b + 46?
-487195
In base 14, what is 7 + -301c99?
-301c92
In base 14, what is -184b - 283b?
-4288
In base 2, what is 1110100 - -10001110111000?
10010000101100
In base 5, what is 302 + -20040144?
-20034342
In base 4, what is -3120002 - -3100?
-3110302
In base 9, what is -42 - -36820044?
36820002
In base 10, what is -12049418 + 5?
-12049413
In base 9, what is 137201321 + -7?
137201313
In base 8, what is 37 - -50111?
50150
In base 3, what is 0 + -12120012102010?
-12120012102010
In base 2, what is -101000 + 110111101001010?
110111100100010
In base 4, what is 10 - 1202213020223?
-1202213020213
In base 5, what is -14 - 1120400414?
-1120400433
In base 4, what is 21102 - -11330221?
12011323
In base 9, what is 160563 - 22?
160541
In base 3, what is 22 + -220001000001010?
-220001000000211
In base 7, what is 165213455 + 2?
165213460
In base 2, what is -10 - -100010111001111101100010?
100010111001111101100000
In base 8, what is 2 + 3025527?
3025531
In base 11, what is -19 - 826507?
-826525
In base 12, what is -2b819 + -491?
-300aa
In base 4, what is 23322 + -131101122?
-131011200
In base 16, what is 0 - -1b954c3?
1b954c3
In base 13, what is 1049 - 1135?
-b9
In base 16, what is -1 - 37d0b1?
-37d0b2
In base 2, what is -10100101011 + -1011100100101011?
-1011111001010110
In base 7, what is -60 - -1233213?
1233123
In base 6, what is -10540012 + 2515?
-10533053
In base 5, what is 1202 - -340303020?
340304222
In base 4, what is 221212112100 - -1?
221212112101
In base 5, what is 43203122 + -2?
43203120
In base 8, what is 1 - 6720013?
-6720012
In base 15, what is -4033e56 + -4?
-4033e5a
In base 5, what is -4 - -1200230341?
1200230332
In base 10, what is 9 + 18742193?
18742202
In base 10, what is 6107 - -5132?
11239
In base 12, what is 978783 - -6?
978789
In base 11, what is 92a5 + -342?
8a63
In base 9, what is -21 - -565243?
565222
In base 9, what is 201153 + -67?
201075
In base 9, what is -2 - -180167126?
180167124
In base 9, what is 7 + -23243746?
-23243738
In base 8, what is 256344 - -654?
257220
In base 12, what is -6915a4 - -b?
-691595
In base 4, what is 31 - 31123000?
-31122303
In base 6, what is 1312124 + -3544?
1304140
In base 3, what is 10022202101 + -122?
10022201202
In base 2, what is 100001 + 10110101011000110010011110?
10110101011000110010111111
In base 2, what is -1 + -11101101011000000100110000?
-11101101011000000100110001
In base 12, what is 72b + -80388?
-7b859
In base 11, what is 3a42a9 + 141a?
3a5718
In base 13, what is 7a705 - -6bc?
7b0c4
In base 12, what is 2 - 920551?
-92054b
In base 10, what is -1711 - 26404?
-28115
In base 15, what is -18 + 6d997?
6d97e
In base 7, what is -64161 + -140014?
-234205
In base 11, what is -104 - 74370?
-74474
In base 11, what is 17554a + 12?
175561
In base 4, what is -1331131 + -22121?
-2013312
In base 2, what is 1001111101101111000011 - 1100?
1001111101101110110111
In base 11, what is 2a7 + -31217?
-30a20
In base 8, what is -3273726601 + -2?
-3273726603
In base 8, what is -57 - -102506?
102427
In base 8, what is -703350371 + 5?
-703350364
In base 13, what is 1132 - 69c?
763
In base 12, what is -26b4a4 - 157?
-26b63b
In base 2, what is 10011001010001001 - 10001010011101?
10000111111101100
In base 15, what is 6ce - -1610?
1cde
In base 13, what is -4 + -1703656?
-170365a
In base 8, what is 11557604251 + -4?
11557604245
In base 2, what is 0 + 1000100100001000110100001?
1000100100001000110100001
In base 10, what is 163793646 - 2?
163793644
In base 15, what is -4d254 + 9?
-4d24a
In base 15, what is -d97bc + -9?
-d97c6
In base 14, what is -9ac - 27b7?
-3385
In base 16, what is 29 + -12b7e6?
-12b7bd
In base 15, what is -14459 - -5cc?
-13d7c
In base 3, what is 201020100022 - -2?
201020100101
In base 13, what is -128 - 25671?
-25799
In base 9, what is -2 - -33035027?
33035025
In base 12, what is -680325 + -a?
-680333
In base 2, what is -1101001010001101 - 100100010000?
-1101101110011101
In base 7, what is 154100 - 612?
153155
In base 11, what is -609a579 + -3?
-609a581
In base 9, what is -1 + 3822000?
3821888
In base 11, what is 1871393 - 12?
1871381
In base 3, what is -11100201101111 - -20?
-11100201101021
In base 8, what is -66720617 + -16?
-66720635
In base 10, what is -99325 + 590?
-98735
In base 5, what is -33432323 - 241?
-33433114
In base 11, what is -3 - -1103922?
110391a
In base 11, what is 211a + 1148?
3267
In base 11, what is 4555714 + -30?
4555694
In base 11, what is 5 - 11aa560?
-11aa556
In base 8, what is 117343 + 117433?
236776
In base 9, what is 1 + -4071613?
-4071612
In base 4, what is -10013000 - -22312?
-3330022
In base 6, what is -1 + -1132341520?
-1132341521
In base 11, what is -7375769 + -3?
-7375771
In base 15, what is 18ea0b - 1?
18ea0a
In base 8, what is -1563405066 + 5?
-1563405061
In base 15, what is -5e42 - 84?
-5ec6
In base 13, what is 1 - -6094874?
6094875
In base 2, what is 101100000 + 11001100011110?
11010001111110
In base 8, what is 31 - -32254300?
32254331
In base 9, what is -661 + 120723?
120052
In base 16, what is e6f5dc - 4?
e6f5d8
In base 7, what is -524 - -1341301?
1340444
In base 15, what is 91d + b6ee7?
b7915
In base 10, what is -1 - -4868471?
4868470
In base 15, what is e - 9ee7?
-9ed8
In base 16, what is 4 + -9a15f?
-9a15b
In base 7, what is 20051 - -23633?
44014
In base 5, what is 4 - -1014403243?
1014403302
In base 12, what is 618973 + 9?
618980
In base 3, what is 1112 + -2112010200?
-2112002011
In base 6, what is 1120212404 + 4?
1120212412
In base 7, what is -12265 + 14130?
1532
In base 12, what is -4136 + 75a14?
7189a
In base 16, what is -4644 - 9c?
-46e0
In base 10, what is -95 - -554?
459
In base 6, what is 2012 - 115504?
-113452
In base 10, what is 160 + 261458?
261618
In base 14, what is 3b + 2c677b?
2c67b8
In base 11, what is 2 + -2388569?
-2388567
In base 13, what is -1c - -1609b8?
160999
In base 11, what is -40 + 1961637?
19615a7
In base 7, what is 1360221 + 146?
1360400
In base 10, what is 74777306 + -3?
74777303
In ba